6 = 0, -5*p = -4*z - n. List the prime factors of 26/(-4)*p/(-4).
13
Let w = 40 - 5. List the prime factors of w.
5, 7
Suppose 4*m + 0*m - 20 = 0. Suppose -30 - 18 = -2*t + m*u, -25 = -t + 2*u. List the prime factors of t.
29
What are the prime factors of 65/3*144/12?
2, 5, 13
Let f = 2 + 19. What are the prime factors of f?
3, 7
Let k = 16 + -18. Let b(r) = r**2 + 1. What are the prime factors of b(k)?
5
Let w = -35 - -29. Let y(p) = -p + 4. Let d(v) = -v - 1. Let o(c) = 4*d(c) - y(c). List the prime factors of o(w).
2, 5
Let t(b) = -b**3 - 4*b**2 - 5*b - 3. Let n be t(-2). Let f(l) = -16*l**3 + l**2 + l. List the prime factors of f(n).
2
Let w(d) = -3*d + 6. List the prime factors of w(-5).
3, 7
Let a be (-5)/15 + (-214)/6. Let s = a - -80. List the prime factors of s.
2, 11
Suppose -3*h + 15 = 3*b + 3, 4*h + 38 = 5*b. Let r(l) be the first derivative of 3*l**2/2 - 6*l + 1. What are the prime factors of r(b)?
2, 3
Let s be ((-1)/1)/((-1)/5). Let i(d) = -s*d - 3*d - 3 + 4. List the prime factors of i(-1).
3
List the prime factors of (-1 - 63)/(5 - 6).
2
Suppose 3*p - 3*z = 18, -p + 2 = -2*z - 9. Let x be p/(1 + (-2)/3). Suppose -2*s + 13 = j, 0*j - 20 = -x*s - j. What are the prime factors of s?
7
List the prime factors of 2332/14 - 28/(-245)*-5.
2, 83
Let y(o) = o**3 + 6*o**2 + 2*o + 4. What are the prime factors of y(-4)?
2, 7
Let q(o) = -o + 11. Let z be q(-9). Suppose 3*m = 4*m - z. List the prime factors of m.
2, 5
Suppose -k - k = -z + 33, -5*z = -5*k - 185. List the prime factors of z.
41
Let l = 9 - -81. List the prime factors of l.
2, 3, 5
Let c = 15 - 25. Let u be ((-32)/c)/((-4)/(-80)). Suppose 5*m - 16 - u = 0. List the prime factors of m.
2
Suppose 3 = 3*q, 6*f - 5*q = f + 375. List the prime factors of f.
2, 19
Let g(t) = -2*t**3 - 6*t**2 + 4*t - 4. List the prime factors of g(-5).
2, 19
Let g be (21/14)/(3/(-16)). Let j = 11 - g. List the prime factors of j.
19
List the prime factors of (356/7)/(6/189*9).
2, 89
Let z(g) be the second derivative of -g**5/20 - 5*g**4/12 + g**3/6 + 5*g**2/2 - 2*g. Let h be z(-5). Suppose -3*f + 18 - 3 = h. List the prime factors of f.
5
Let d = -42 + 102. Suppose 3*k + d = 8*k. List the prime factors of k.
2, 3
Suppose 48 = 3*g + 2*o, -3*g + 3*o = g - 64. Let x(h) = -9*h**2 - 2*h - 1. Let q be x(-1). Let y = g + q. List the prime factors of y.
2
Let x be 100/26 - 10/(-65). What are the prime factors of (x/(-10))/((-4)/220)?
2, 11
Let t = -11 + 4. Let r = t + 21. List the prime factors of r.
2, 7
Suppose 13 = -4*s + 4*a + 45, s - 17 = 4*a. Suppose -5 = -5*o + s. What are the prime factors of o/(36/(-19) + 2)?
19
Suppose 3*z = -5*b + 29, -3 = -2*b + z + 13. List the prime factors of b.
7
Suppose -16 = -g - 0. What are the prime factors of (g/4)/((-2)/(-25))?
2, 5
Suppose 2 + 13 = -3*v. Let z be (2/v)/((-3)/(-30)). Let a(k) = -k**3 - 4*k**2 - k + 5. List the prime factors of a(z).
3
Let k be -3*2*1/(-2). Suppose k*z = -h - h + 14, 2*h - 30 = 5*z. List the prime factors of h.
2, 5
Let p(t) = -9*t - 14. Let f(a) = 18*a + 27. Let u(o) = -4*f(o) - 7*p(o). List the prime factors of u(-5).
5, 7
Let c be (-148)/(-28) + 4/(-14). Let q = 11 - c. What are the prime factors of q?
2, 3
Let h be (-6)/(-15) + 1073/5. Suppose m = -4*m + h. List the prime factors of m.
43
Let z be 6/4*(-120)/18. Let n = 18 + z. What are the prime factors of n?
2
Let u be (-3 - 26/(-6))*21. Let b = u - 13. What are the prime factors of b?
3, 5
Suppose 32 = 2*d - 4*n, -d = 3*d - n - 85. Suppose -c + d = c. List the prime factors of c.
11
Let c(m) = m**2 + 3*m - 3. Let k be c(-4). Let y be (-31)/(-1) - k*-1. Let j = y - 21. What are the prime factors of j?
11
Suppose -19 = -4*i + 2*i + n, -n = 3*i - 21. What are the prime factors of i?
2
Let x = -65 + 208. What are the prime factors of x?
11, 13
Suppose -26 = 3*y + 4. Let g = y + 18. What are the prime factors of g?
2
Suppose -10 = b - 0*b. Let h = -32 + 47. Let a = b + h. List the prime factors of a.
5
Let x = 147 - 91. Suppose -60 = -2*l - 2*k, -3*l - x = 5*k - 146. What are the prime factors of l?
2, 3, 5
Let z(s) = -s**3 + 3*s**2 + 5*s - 2. Let i be z(4). Let t(k) = -2 - 2*k + i. List the prime factors of t(-3).
2, 3
Let x = 101 - 51. List the prime factors of x.
2, 5
Let p = -3 + 5. Suppose -5*n = -3*v + 79, -85 = -5*v + p*n - 3*n. What are the prime factors of v?
2, 3
Suppose 0*h - h + 17 = 0. What are the prime factors of h?
17
List the prime factors of 1/((-4)/(-852)*3).
71
Let j(i) = -3*i + 88. What are the prime factors of j(-7)?
109
Suppose v + 5*n = 4*v - 36, -n = 4*v - 48. Let s be 2/6 - 4/v. Suppose 2*q - 4 = s, -5*i + 0*i = -5*q - 5. List the prime factors of i.
3
Let t(i) = -i**3 + i**2 + 4*i - 1. Let x be t(3). Let f = 12 + x. Suppose -4 = -f*a + 41. List the prime factors of a.
3
Suppose 0 = 4*v - 2 + 18. List the prime factors of 1/(v/12)*-9.
3
Let u(o) = 2*o - 10. Let c be u(7). Let z = 9 + c. What are the prime factors of z?
13
Let k = 5 + -10. Let u = 7 + k. Suppose -3 = -u*o - t, -5 = 2*t + 1. List the prime factors of o.
3
Let z be 3/(-6)*(2 + -2). Suppose -3*p - p + 48 = z. List the prime factors of p.
2, 3
Suppose 0 = -y + 22 + 154. What are the prime factors of y?
2, 11
Let b = -15 - -15. Suppose b = 3*v - 0*p - 4*p - 36, 2*v = -4*p + 24. What are the prime factors of v?
2, 3
Let f(b) = b**3 - 4*b**2 - 4*b + 7. Let i be f(6). Suppose 19 = -4*p + i. What are the prime factors of p?
3
Let z be (-16)/24 - 100/(-6). Suppose -4*c + z = -20. What are the prime factors of c?
3
Let q = -5 + 9. Suppose -10 = -4*u + 2*t, 3*u + 2*t + 0 = q. List the prime factors of u.
2
Let c = 11 + -7. Suppose -c = 4*p - 2*p. List the prime factors of p/(2/4 - 1).
2
Let z(a) be the first derivative of -a**3/3 - 19*a - 2. Let n be z(0). Let v = 39 + n. List the prime factors of v.
2, 5
Let k(o) = 2*o**2 - 11*o + 4. Let h(d) = -d**3 + 5*d**2 + 8*d - 5. Let q be h(6). What are the prime factors of k(q)?
5
What are the prime factors of (32/(-10))/((-5)/25)?
2
Let t(i) = 5*i**2 + i. Let m be t(1). Let r = m + -4. Suppose -4*y - 4*o - 8 = 0, -y + r*o + 19 = 2*y. List the prime factors of y.
3
Let w(q) = 5*q**3 - 2*q + 1. Let m be w(1). List the prime factors of (-2)/(-8)*m - -34.
5, 7
Let h = 62 + -33. List the prime factors of h.
29
Suppose -18*k + 17*k = -128. What are the prime factors of k?
2
Let q = -19 - -138. List the prime factors of q.
7, 17
Let s(r) = r + 1. Let g be s(1). Let v be (-3)/3 + 0/g. List the prime factors of (-6)/v + (4 - 2).
2
Let q(o) = 2*o**3 + 3*o**2 + 7*o + 2. Let k(l) = -l**3 - 2*l**2 - 4*l - 1. Let m(p) = -5*k(p) - 3*q(p). List the prime factors of m(-2).
13
Let h = 10 - -3. What are the prime factors of h?
13
Let a(x) = 13*x**2 - 5*x - 16. What are the prime factors of a(-4)?
2, 53
Let w = -169 + 453. What are the prime factors of w?
2, 71
Let a be (-48)/22 - (-10)/55. Let v(q) = -7*q. List the prime factors of v(a).
2, 7
Let i(p) = 82*p - 4. List the prime factors of i(3).
2, 11
Let b(l) = -l**2 - 5*l. Let z be b(-5). Let s = 1 - z. List the prime factors of (20/8)/(s/2).
5
Let a(g) = -g + 4. Suppose 2*q + 3*v - 39 = -q, -2*v = -3*q + 34. Suppose -4*k = 4 - q. What are the prime factors of a(k)?
2
Suppose 5 = -m + 43. Let z = m - 1. List the prime factors of z.
37
Let y = 45 - -21. List the prime factors of y.
2, 3, 11
Suppose -7*n + 92 + 6 = 0. What are the prime factors of n?
2, 7
Let o(b) = b**3 - 4*b**2 + 7*b - 5. Suppose -2*q - 8 = -3*z - 0*z, -3*z + 2 = -5*q. What are the prime factors of o(z)?
23
Let t(w) = w + 6. Let b be t(0). Suppose -2*u + 2*x + 2*x + b = 0, -x = -3*u + 9. Suppose -u*q + 5 = -1. List the prime factors of q.
2
Suppose 2 = f, 2*y - 2*f = -y + 20. Let a(t) = t**2 + 9*t - 8. Let k be a(-10). Let p = y - k. List the prime factors of p.
2, 3
Suppose 0*y - 4 = -2*y. Suppose 0*b + y*b - 26 = 0. List the prime factors of b.
13
Suppose -36 - 59 = -5*r. Let t(q) = -q**3 - 5*q**2 - q. Let w be t(-5). Suppose 2*d = w + r. List the prime factors of d.
2, 3
Suppose -5*p - 20 = 5*z, -5*p = -5*z - 7 - 13. Suppose p = -2*x + 4 + 4. Let i(u) = u**3 - 4*u**2 + 2. List the prime factors of i(x).
2
Let d be (-102)/(-4)*6/9. Suppose -19 = -4*j + d. List the prime factors of j.
3
Suppose 0 = 2*j + 1 - 11. Let v = j - 8. List the prime factors of v*(-